{"id":10,"date":"2025-06-08T09:44:15","date_gmt":"2025-06-08T09:44:15","guid":{"rendered":"https:\/\/kgv-ideal.de\/?page_id=10"},"modified":"2026-08-01T02:20:28","modified_gmt":"2026-08-01T02:20:28","slug":"startseite","status":"publish","type":"page","link":"https:\/\/kgv-ideal.de\/","title":{"rendered":"Startseite"},"content":{"rendered":"\t\t<div data-elementor-type=\"wp-page\" data-elementor-id=\"10\" class=\"elementor elementor-10\">\n\t\t\t\t<div class=\"elementor-element elementor-element-e283ddd e-flex e-con-boxed e-con e-parent\" data-id=\"e283ddd\" data-element_type=\"container\" data-e-type=\"container\">\n\t\t\t\t\t<div class=\"e-con-inner\">\n\t\t\t\t<div class=\"elementor-element elementor-element-69a497c elementor-widget elementor-widget-shortcode\" data-id=\"69a497c\" data-element_type=\"widget\" data-e-type=\"widget\" data-widget_type=\"shortcode.default\">\n\t\t\t\t<div class=\"elementor-widget-container\">\n\t\t\t\t\t\t\t<div class=\"elementor-shortcode\"><div class=\"modal-window\" id=\"modal-window-1\" role=\"dialog\" aria-modal=\"true\" aria-labelledby=\"modal-title-1\"  aria-live=\"off\"><div class=\"modal-window__wrapper\"><div class=\"modal-window__content\"><div class=\"modal-window__content-wrapper\"><div class=\"modal-window__title\" id=\"modal-title-1\">Kuchenfest 2026<\/div><div class=\"modal-window__content-main\"><p><span style=\"font-size: 16pt\">Unser diesj\u00e4hriges Kuchenfest findet am 29. August 2026 statt.<\/span><\/p><\/div><\/div><div class=\"modal-window__close\" tabindex=\"0\" role=\"button\" aria-label=\"Close\">Close<\/div><\/div><\/div><\/div><\/div>\n\t\t\t\t\t\t<\/div>\n\t\t\t\t<\/div>\n\t\t\t\t\t<\/div>\n\t\t\t\t<\/div>\n\t\t<div class=\"elementor-element elementor-element-c600f3b e-flex e-con-boxed e-con e-parent\" data-id=\"c600f3b\" data-element_type=\"container\" data-e-type=\"container\" data-settings=\"{&quot;background_background&quot;:&quot;slideshow&quot;,&quot;background_slideshow_gallery&quot;:[{&quot;id&quot;:786,&quot;url&quot;:&quot;https:\\\/\\\/kgv-ideal.de\\\/wp-content\\\/uploads\\\/2026\\\/05\\\/homepage-slideshow-06.jpg&quot;},{&quot;id&quot;:18,&quot;url&quot;:&quot;https:\\\/\\\/kgv-ideal.de\\\/wp-content\\\/uploads\\\/2025\\\/06\\\/homepage-slideshow-02.jpg&quot;},{&quot;id&quot;:787,&quot;url&quot;:&quot;https:\\\/\\\/kgv-ideal.de\\\/wp-content\\\/uploads\\\/2026\\\/05\\\/homepage-slideshow-07.jpg&quot;}],&quot;background_slideshow_slide_duration&quot;:8000,&quot;background_slideshow_transition_duration&quot;:800,&quot;background_slideshow_loop&quot;:&quot;yes&quot;,&quot;background_slideshow_slide_transition&quot;:&quot;fade&quot;}\">\n\t\t\t\t\t<div class=\"e-con-inner\">\n\t\t<div class=\"elementor-element elementor-element-9dbf6a9 e-con-full e-flex e-con e-child\" data-id=\"9dbf6a9\" data-element_type=\"container\" data-e-type=\"container\">\n\t\t\t\t<div class=\"elementor-element elementor-element-22214ea elementor-invisible elementor-widget elementor-widget-text-editor\" data-id=\"22214ea\" data-element_type=\"widget\" data-e-type=\"widget\" data-settings=\"{&quot;_animation&quot;:&quot;fadeIn&quot;}\" data-widget_type=\"text-editor.default\">\n\t\t\t\t<div class=\"elementor-widget-container\">\n\t\t\t\t\t\t\t\t\t<h1 data-start=\"86\" data-end=\"148\">Herzlich Willkommen auf der Seite des Kleingartenverein IDEAL e.V.<\/h1><p data-start=\"150\" data-end=\"405\">Unser weitl\u00e4ufiger Kleingartenverein IDEAL liegt in R\u00f6thenbach bei Eibach, also im S\u00fcdwesten der Stadt N\u00fcrnberg.<\/p><p data-start=\"150\" data-end=\"405\">Wir sind ein gemeinn\u00fctziger Verein mit 252 G\u00e4rten. Wir unterliegen dem Stadtverband N\u00fcrnberg der Kleing\u00e4rtner e. V. und dem Landesverband Bayerischer Kleing\u00e4rtner e.V., sowie nat\u00fcrlich der Stadt N\u00fcrnberg.<\/p><p data-start=\"150\" data-end=\"405\">Eine kleing\u00e4rtnerische Nutzung unserer G\u00e4rten, also der Anbau von Obst, Gem\u00fcse und anderen Fr\u00fcchten f\u00fcr den Eigenbedarf steht im Vordergrund.<\/p><p data-start=\"150\" data-end=\"405\">Unsere \u201eSchreberg\u00e4rten\u201c dienen ebenso zur Erholung und als gr\u00fcner R\u00fcckzugsort in der Stadt. Gleichzeitig leisten wir einen Beitrag zum Natur- und Umweltschutz.<\/p><p data-start=\"150\" data-end=\"405\">Wir sind an das Bundeskleingartengesetz und die Gartenordnung der Stadtverbandes N\u00fcrnberg der Kleing\u00e4rtner e.V. gebunden.<\/p>\t\t\t\t\t\t\t\t<\/div>\n\t\t\t\t<\/div>\n\t\t\t\t<\/div>\n\t\t<div class=\"elementor-element elementor-element-232b28f e-con-full e-flex e-con e-child\" data-id=\"232b28f\" data-element_type=\"container\" data-e-type=\"container\">\n\t\t<div class=\"elementor-element elementor-element-57bfa02 e-con-full e-flex elementor-invisible e-con e-child\" data-id=\"57bfa02\" data-element_type=\"container\" data-e-type=\"container\" data-settings=\"{&quot;animation&quot;:&quot;fadeInUp&quot;}\">\n\t\t<div class=\"elementor-element elementor-element-8f951f3 e-con-full e-flex e-con e-child\" data-id=\"8f951f3\" data-element_type=\"container\" data-e-type=\"container\" data-settings=\"{&quot;background_background&quot;:&quot;classic&quot;}\">\n\t\t\t\t<div class=\"elementor-element elementor-element-20279f0 elementor-widget elementor-widget-text-editor\" data-id=\"20279f0\" data-element_type=\"widget\" data-e-type=\"widget\" data-widget_type=\"text-editor.default\">\n\t\t\t\t<div class=\"elementor-widget-container\">\n\t\t\t\t\t\t\t\t\t<h4>74<br \/>Jahre<\/h4>\t\t\t\t\t\t\t\t<\/div>\n\t\t\t\t<\/div>\n\t\t\t\t<\/div>\n\t\t<div class=\"elementor-element elementor-element-03a6ebb e-con-full e-flex e-con e-child\" data-id=\"03a6ebb\" data-element_type=\"container\" data-e-type=\"container\" data-settings=\"{&quot;background_background&quot;:&quot;classic&quot;}\">\n\t\t\t\t<div class=\"elementor-element elementor-element-7503e9f elementor-widget elementor-widget-text-editor\" data-id=\"7503e9f\" data-element_type=\"widget\" data-e-type=\"widget\" data-widget_type=\"text-editor.default\">\n\t\t\t\t<div class=\"elementor-widget-container\">\n\t\t\t\t\t\t\t\t\t<h4 style=\"text-align: center;\">78.750<br \/>qm Fl\u00e4che<\/h4>\t\t\t\t\t\t\t\t<\/div>\n\t\t\t\t<\/div>\n\t\t\t\t<\/div>\n\t\t<div class=\"elementor-element elementor-element-11f1c73 e-con-full e-flex e-con e-child\" data-id=\"11f1c73\" data-element_type=\"container\" data-e-type=\"container\" data-settings=\"{&quot;background_background&quot;:&quot;classic&quot;}\">\n\t\t\t\t<div class=\"elementor-element elementor-element-bd8678b elementor-widget elementor-widget-text-editor\" data-id=\"bd8678b\" data-element_type=\"widget\" data-e-type=\"widget\" data-widget_type=\"text-editor.default\">\n\t\t\t\t<div class=\"elementor-widget-container\">\n\t\t\t\t\t\t\t\t\t<h4 style=\"text-align: center;\">252<br \/>G\u00e4rten<\/h4>\t\t\t\t\t\t\t\t<\/div>\n\t\t\t\t<\/div>\n\t\t\t\t<\/div>\n\t\t<div class=\"elementor-element elementor-element-454778a e-con-full e-flex e-con e-child\" data-id=\"454778a\" data-element_type=\"container\" data-e-type=\"container\" data-settings=\"{&quot;background_background&quot;:&quot;classic&quot;}\">\n\t\t\t\t<div class=\"elementor-element elementor-element-825ab52 elementor-widget elementor-widget-text-editor\" data-id=\"825ab52\" data-element_type=\"widget\" data-e-type=\"widget\" data-widget_type=\"text-editor.default\">\n\t\t\t\t<div class=\"elementor-widget-container\">\n\t\t\t\t\t\t\t\t\t<h4 style=\"text-align: center;\">299<br \/>Mitglieder<\/h4>\t\t\t\t\t\t\t\t<\/div>\n\t\t\t\t<\/div>\n\t\t\t\t<\/div>\n\t\t\t\t<\/div>\n\t\t\t\t<\/div>\n\t\t\t\t\t<\/div>\n\t\t\t\t<\/div>\n\t\t\t\t<\/div>\n\t\t","protected":false},"excerpt":{"rendered":"<p>Herzlich Willkommen auf der Seite des Kleingartenverein IDEAL e.V. Unser weitl\u00e4ufiger Kleingartenverein IDEAL liegt in R\u00f6thenbach bei Eibach, also im S\u00fcdwesten der Stadt N\u00fcrnberg. Wir sind ein gemeinn\u00fctziger Verein mit 252 G\u00e4rten. Wir unterliegen dem Stadtverband N\u00fcrnberg der Kleing\u00e4rtner e. V. und dem Landesverband Bayerischer Kleing\u00e4rtner e.V., sowie nat\u00fcrlich der &hellip;<\/p>\n","protected":false},"author":1,"featured_media":0,"parent":0,"menu_order":0,"comment_status":"closed","ping_status":"closed","template":"elementor_header_footer","meta":{"footnotes":""},"class_list":["post-10","page","type-page","status-publish","hentry"],"_links":{"self":[{"href":"https:\/\/kgv-ideal.de\/index.php?rest_route=\/wp\/v2\/pages\/10","targetHints":{"allow":["GET"]}}],"collection":[{"href":"https:\/\/kgv-ideal.de\/index.php?rest_route=\/wp\/v2\/pages"}],"about":[{"href":"https:\/\/kgv-ideal.de\/index.php?rest_route=\/wp\/v2\/types\/page"}],"author":[{"embeddable":true,"href":"https:\/\/kgv-ideal.de\/index.php?rest_route=\/wp\/v2\/users\/1"}],"replies":[{"embeddable":true,"href":"https:\/\/kgv-ideal.de\/index.php?rest_route=%2Fwp%2Fv2%2Fcomments&post=10"}],"version-history":[{"count":7,"href":"https:\/\/kgv-ideal.de\/index.php?rest_route=\/wp\/v2\/pages\/10\/revisions"}],"predecessor-version":[{"id":793,"href":"https:\/\/kgv-ideal.de\/index.php?rest_route=\/wp\/v2\/pages\/10\/revisions\/793"}],"wp:attachment":[{"href":"https:\/\/kgv-ideal.de\/index.php?rest_route=%2Fwp%2Fv2%2Fmedia&parent=10"}],"curies":[{"name":"wp","href":"https:\/\/api.w.org\/{rel}","templated":true}]}}

<div data-elementor-type="wp-page" data-elementor-id="10" class="elementor elementor-10">
				<div class="elementor-element elementor-element-e283ddd e-flex e-con-boxed e-con e-parent" data-id="e283ddd" data-element_type="container" data-e-type="container">
					<div class="e-con-inner">
				<div class="elementor-element elementor-element-69a497c elementor-widget elementor-widget-shortcode" data-id="69a497c" data-element_type="widget" data-e-type="widget" data-widget_type="shortcode.default">
				<div class="elementor-widget-container">
							<div class="elementor-shortcode"><div class="modal-window" id="modal-window-1" role="dialog" aria-modal="true" aria-labelledby="modal-title-1"  aria-live="off"><div class="modal-window__wrapper"><div class="modal-window__content"><div class="modal-window__content-wrapper"><div class="modal-window__title" id="modal-title-1">Kuchenfest 2026</div><div class="modal-window__content-main"><p><span style="font-size: 16pt">Unser diesjähriges Kuchenfest findet am 29. August 2026 statt.</span></p></div></div><div class="modal-window__close" tabindex="0" role="button" aria-label="Close">Close</div></div></div></div></div>
						</div>
				</div>
					</div>
				</div>
		<div class="elementor-element elementor-element-c600f3b e-flex e-con-boxed e-con e-parent" data-id="c600f3b" data-element_type="container" data-e-type="container" data-settings="{&quot;background_background&quot;:&quot;slideshow&quot;,&quot;background_slideshow_gallery&quot;:[{&quot;id&quot;:786,&quot;url&quot;:&quot;https:\/\/kgv-ideal.de\/wp-content\/uploads\/2026\/05\/homepage-slideshow-06.jpg&quot;},{&quot;id&quot;:18,&quot;url&quot;:&quot;https:\/\/kgv-ideal.de\/wp-content\/uploads\/2025\/06\/homepage-slideshow-02.jpg&quot;},{&quot;id&quot;:787,&quot;url&quot;:&quot;https:\/\/kgv-ideal.de\/wp-content\/uploads\/2026\/05\/homepage-slideshow-07.jpg&quot;}],&quot;background_slideshow_slide_duration&quot;:8000,&quot;background_slideshow_transition_duration&quot;:800,&quot;background_slideshow_loop&quot;:&quot;yes&quot;,&quot;background_slideshow_slide_transition&quot;:&quot;fade&quot;}">
					<div class="e-con-inner">
		<div class="elementor-element elementor-element-9dbf6a9 e-con-full e-flex e-con e-child" data-id="9dbf6a9" data-element_type="container" data-e-type="container">
				<div class="elementor-element elementor-element-22214ea elementor-invisible elementor-widget elementor-widget-text-editor" data-id="22214ea" data-element_type="widget" data-e-type="widget" data-settings="{&quot;_animation&quot;:&quot;fadeIn&quot;}" data-widget_type="text-editor.default">
				<div class="elementor-widget-container">
									<h1 data-start="86" data-end="148">Herzlich Willkommen auf der Seite des Kleingartenverein IDEAL e.V.</h1><p data-start="150" data-end="405">Unser weitläufiger Kleingartenverein IDEAL liegt in Röthenbach bei Eibach, also im Südwesten der Stadt Nürnberg.</p><p data-start="150" data-end="405">Wir sind ein gemeinnütziger Verein mit 252 Gärten. Wir unterliegen dem Stadtverband Nürnberg der Kleingärtner e. V. und dem Landesverband Bayerischer Kleingärtner e.V., sowie natürlich der Stadt Nürnberg.</p><p data-start="150" data-end="405">Eine kleingärtnerische Nutzung unserer Gärten, also der Anbau von Obst, Gemüse und anderen Früchten für den Eigenbedarf steht im Vordergrund.</p><p data-start="150" data-end="405">Unsere „Schrebergärten“ dienen ebenso zur Erholung und als grüner Rückzugsort in der Stadt. Gleichzeitig leisten wir einen Beitrag zum Natur- und Umweltschutz.</p><p data-start="150" data-end="405">Wir sind an das Bundeskleingartengesetz und die Gartenordnung der Stadtverbandes Nürnberg der Kleingärtner e.V. gebunden.</p>								</div>
				</div>
				</div>
		<div class="elementor-element elementor-element-232b28f e-con-full e-flex e-con e-child" data-id="232b28f" data-element_type="container" data-e-type="container">
		<div class="elementor-element elementor-element-57bfa02 e-con-full e-flex elementor-invisible e-con e-child" data-id="57bfa02" data-element_type="container" data-e-type="container" data-settings="{&quot;animation&quot;:&quot;fadeInUp&quot;}">
		<div class="elementor-element elementor-element-8f951f3 e-con-full e-flex e-con e-child" data-id="8f951f3" data-element_type="container" data-e-type="container" data-settings="{&quot;background_background&quot;:&quot;classic&quot;}">
				<div class="elementor-element elementor-element-20279f0 elementor-widget elementor-widget-text-editor" data-id="20279f0" data-element_type="widget" data-e-type="widget" data-widget_type="text-editor.default">
				<div class="elementor-widget-container">
									<h4>74<br />Jahre</h4>								</div>
				</div>
				</div>
		<div class="elementor-element elementor-element-03a6ebb e-con-full e-flex e-con e-child" data-id="03a6ebb" data-element_type="container" data-e-type="container" data-settings="{&quot;background_background&quot;:&quot;classic&quot;}">
				<div class="elementor-element elementor-element-7503e9f elementor-widget elementor-widget-text-editor" data-id="7503e9f" data-element_type="widget" data-e-type="widget" data-widget_type="text-editor.default">
				<div class="elementor-widget-container">
									<h4 style="text-align: center;">78.750<br />qm Fläche</h4>								</div>
				</div>
				</div>
		<div class="elementor-element elementor-element-11f1c73 e-con-full e-flex e-con e-child" data-id="11f1c73" data-element_type="container" data-e-type="container" data-settings="{&quot;background_background&quot;:&quot;classic&quot;}">
				<div class="elementor-element elementor-element-bd8678b elementor-widget elementor-widget-text-editor" data-id="bd8678b" data-element_type="widget" data-e-type="widget" data-widget_type="text-editor.default">
				<div class="elementor-widget-container">
									<h4 style="text-align: center;">252<br />Gärten</h4>								</div>
				</div>
				</div>
		<div class="elementor-element elementor-element-454778a e-con-full e-flex e-con e-child" data-id="454778a" data-element_type="container" data-e-type="container" data-settings="{&quot;background_background&quot;:&quot;classic&quot;}">
				<div class="elementor-element elementor-element-825ab52 elementor-widget elementor-widget-text-editor" data-id="825ab52" data-element_type="widget" data-e-type="widget" data-widget_type="text-editor.default">
				<div class="elementor-widget-container">
									<h4 style="text-align: center;">299<br />Mitglieder</h4>								</div>
				</div>
				</div>
				</div>
				</div>
					</div>
				</div>
				</div>

<p>Herzlich Willkommen auf der Seite des Kleingartenverein IDEAL e.V. Unser weitläufiger Kleingartenverein IDEAL liegt in Röthenbach bei Eibach, also im Südwesten der Stadt Nürnberg. Wir sind ein gemeinnütziger Verein mit 252 Gärten. Wir unterliegen dem Stadtverband Nürnberg der Kleingärtner e. V. und dem Landesverband Bayerischer Kleingärtner e.V., sowie natürlich der &hellip;</p>
